{"id":1222,"date":"2021-09-30T13:53:40","date_gmt":"2021-09-30T13:53:40","guid":{"rendered":"https:\/\/bremen.deutscher-schifffahrtstag.de\/?page_id=1222"},"modified":"2022-05-18T07:27:38","modified_gmt":"2022-05-18T07:27:38","slug":"presse-news","status":"publish","type":"page","link":"https:\/\/bremen.deutscher-schifffahrtstag.de\/index.php\/presse-news\/","title":{"rendered":"Presse-News"},"content":{"rendered":"\t\t<div data-elementor-type=\"wp-page\" data-elementor-id=\"1222\" class=\"elementor elementor-1222\" data-elementor-post-type=\"page\">\n\t\t\t\t\t\t<section class=\"elementor-section elementor-top-section elementor-element elementor-element-fa9bbd6 elementor-section-boxed elementor-section-height-default elementor-section-height-default\" data-id=\"fa9bbd6\" data-element_type=\"section\">\n\t\t\t\t\t\t<div class=\"elementor-container elementor-column-gap-default\">\n\t\t\t\t\t<div class=\"elementor-column elementor-col-100 elementor-top-column elementor-element elementor-element-c0b67c6\" data-id=\"c0b67c6\" data-element_type=\"column\">\n\t\t\t<div class=\"elementor-widget-wrap elementor-element-populated\">\n\t\t\t\t\t\t<div class=\"elementor-element elementor-element-c882fde elementor-widget elementor-widget-heading\" data-id=\"c882fde\" data-element_type=\"widget\" data-widget_type=\"heading.default\">\n\t\t\t\t<div class=\"elementor-widget-container\">\n\t\t\t<style>\/*! elementor - v3.19.0 - 07-02-2024 *\/\n.elementor-heading-title{padding:0;margin:0;line-height:1}.elementor-widget-heading .elementor-heading-title[class*=elementor-size-]>a{color:inherit;font-size:inherit;line-height:inherit}.elementor-widget-heading .elementor-heading-title.elementor-size-small{font-size:15px}.elementor-widget-heading .elementor-heading-title.elementor-size-medium{font-size:19px}.elementor-widget-heading .elementor-heading-title.elementor-size-large{font-size:29px}.elementor-widget-heading .elementor-heading-title.elementor-size-xl{font-size:39px}.elementor-widget-heading .elementor-heading-title.elementor-size-xxl{font-size:59px}<\/style><h1 class=\"elementor-heading-title elementor-size-default\">presse-news<\/h1>\t\t<\/div>\n\t\t\t\t<\/div>\n\t\t\t\t\t<\/div>\n\t\t<\/div>\n\t\t\t\t\t<\/div>\n\t\t<\/section>\n\t\t\t\t<section class=\"elementor-section elementor-top-section elementor-element elementor-element-db35766 elementor-section-boxed elementor-section-height-default elementor-section-height-default\" data-id=\"db35766\" data-element_type=\"section\">\n\t\t\t\t\t\t<div class=\"elementor-container elementor-column-gap-default\">\n\t\t\t\t\t<div class=\"elementor-column elementor-col-100 elementor-top-column elementor-element elementor-element-a731cb0\" data-id=\"a731cb0\" data-element_type=\"column\">\n\t\t\t<div class=\"elementor-widget-wrap elementor-element-populated\">\n\t\t\t\t\t\t<div class=\"elementor-element elementor-element-1bb6a79 elementor-widget elementor-widget-text-editor\" data-id=\"1bb6a79\" data-element_type=\"widget\" data-widget_type=\"text-editor.default\">\n\t\t\t\t<div class=\"elementor-widget-container\">\n\t\t\t<style>\/*! elementor - v3.19.0 - 07-02-2024 *\/\n.elementor-widget-text-editor.elementor-drop-cap-view-stacked .elementor-drop-cap{background-color:#69727d;color:#fff}.elementor-widget-text-editor.elementor-drop-cap-view-framed .elementor-drop-cap{color:#69727d;border:3px solid;background-color:transparent}.elementor-widget-text-editor:not(.elementor-drop-cap-view-default) .elementor-drop-cap{margin-top:8px}.elementor-widget-text-editor:not(.elementor-drop-cap-view-default) .elementor-drop-cap-letter{width:1em;height:1em}.elementor-widget-text-editor .elementor-drop-cap{float:left;text-align:center;line-height:1;font-size:50px}.elementor-widget-text-editor .elementor-drop-cap-letter{display:inline-block}<\/style>\t\t\t\t<h2><b>Der Deutsche Schifffahrtstag 2022<\/b><\/h2><p><b>29. September bis 2. Oktober 2022 in Bremen und Bremerhaven<\/b><\/p><p><b>Der Deutsche Schifffahrtstag 2022 wird vom 29. September bis zum 2. Oktober 2022 an zwei maritimen Standorten, in Bremen und Bremerhaven stattfinden. Dabei werden unter dem Motto \u201e<i>Nachhaltige Schifffahrt: Gemeinsam, klar, sauber!<\/i>\u201c die zentralen Zukunftsfragen der Schifffahrt diskutiert. Mit einem vielf\u00e4ltigen Programm, zu dem die seit Jahrzehnten gr\u00f6\u00dfte Schiffs- und Bootsparade auf der Weser z\u00e4hlen wird, wird die Schifffahrt und ihre Zukunftsperspektive im Spannungsfeld globaler Herausforderungen wie dem Klimawandel, der Digitalisierung und dem gewachsenen Sicherheitsanspruch nicht nur f\u00fcr die maritime Fachwelt, sondern auch f\u00fcr die breite \u00d6ffentlichkeit pr\u00e4sentiert.<span class=\"Apple-converted-space\">\u00a0<\/span><\/b><\/p><p>Das Maritime und die Schifffahrt haben nicht nur f\u00fcr den Norden Deutschlands, sondern f\u00fcr unser gesamtes, auf den friedlichen Au\u00dfenhandel fokussiertes Land eine ungebrochen hohe Bedeutung. Das Meer und seine vielf\u00e4ltigen Funktionen und Nutzungen wie die Schifffahrt und die H\u00e4fen waren und sind bis heute pr\u00e4gend f\u00fcr die K\u00fcste und die hier lebenden Menschen.<\/p><p>Zugleich werden die Schifffahrt und die mit ihr verbundenen Herausforderungen in der breiten \u00d6ffentlichkeit nur in einem vergleichsweise geringen Ma\u00dfe wahrgenommen. Nur in Ausnahmef\u00e4llen wie der Havarie der <i>Ever Given<\/i> im Suez Kanal erlangen sie eine gro\u00dfe \u00f6ffentliche Aufmerksamkeit, da dann sehr schnell und f\u00fcr jede und jeden deutlich wird, dass in einer arbeitsteilig vernetzten Welt ohne die Schifffahrt kaum etwas geht. Ohne eine leistungsf\u00e4hige Schifffahrt k\u00e4me unsere Welt zum Erliegen. Internationale Versorgungsketten w\u00fcrden unterbrochen, Einkaufsregale blieben leer und auch der online-Handel k\u00f6nnte keine Waren ausliefern.<span class=\"Apple-converted-space\">\u00a0<\/span><\/p><p>Mit dem Ziel, das maritime Bewusstsein in Deutschland zu st\u00e4rken, werden deshalb regelm\u00e4\u00dfig die Deutschen Schifffahrtstage organisiert. Diese bieten die M\u00f6glichkeit, die Schifffahrt in all ihren Facetten und Herausforderungen und auch in ihrer Leistungsf\u00e4higkeit, Innovationskraft und Bedeutung zu zeigen. Die Deutschen Schifffahrtstage werden in der Regel durch ein \u201eMaritimes Schaufenster\u201c mit Schiffsbesuchen (Open Ship), Ausstellungen, Fachveranstaltungen und weiteren Aktionen erg\u00e4nzt. Der DST wird dadurch nicht nur f\u00fcr die Teilnehmenden, sondern f\u00fcr die jeweilige Region zu einem besonderen maritimen Ereignis.<\/p><p>Nach einem Auftakt im Jahr 1909 in Berlin waren auch Bremen und Bremerhaven jeweils bereits zweimal Austragungsorte Deutscher Schifffahrtstage, was aber in allen F\u00e4llen sehr lange zur\u00fcckliegt (Bremen 1920 und 1959 und Bremerhaven 1971 und 1992).<span class=\"Apple-converted-space\">\u00a0<\/span><\/p><p>Vor diesem Hintergrund haben sich die Vorst\u00e4nde der beiden Nautischen Vereine in Bremerhaven und Bremen entschieden, erstmalig eine gemeinsame Bewerbung auf den Weg zu bringen. Diese Bewerbung wurde vom Vorstand des Deutschen Nautischen Vereins angenommen, so dass der 36. Deutsche Schifffahrtstag in Verbindung mit dem Weltschifffahrtstag der Vereinten Nationen beginnend am 29. September 2022 in Bremen und Bremerhaven stattfinden wird.<\/p><p>Der Deutsche Nautische Verein geht im Rahmen der Planung mit der Zeit und setzt mehr denn je auf Kooperation und Zusammenarbeit. Ausdruck daf\u00fcr ist, neben der gemeinsamen Ausrichtung in Bremen und Bremerhaven vor allem eine erstmalig aufgenommene Partnerschaft mit dem Bundesverband der Deutschen Binnenschifffahrt (BDB) und dem Deutschen Marinebund (DMB) als gleichberechtigte Partner. Damit wissen die Nautischen Vereine zwei starke Partner und wichtige Akteure im maritimen Spektrum als Mitveranstalter an ihrer Seite.<\/p><p>Das vielf\u00e4ltige Programm, das in enger Zusammenarbeit mit Bremerhavener und Bremer Akteuren und unter Einbindung der gesamten maritimen Branche gestaltet wird, bringt die traditionellen St\u00e4rken beider St\u00e4dte im maritimen blau zum Strahlen. Zu den Aktivit\u00e4ten z\u00e4hlen mehrere Fachkongresse, die sich mit zentralen Zukunftsthemen der Schifffahrt wie dem Erhalt und der Weiterentwicklung des maritimen Know-hows, der Emissionsreduktion und der Sicherheit der Seewege auseinandersetzen. Hinzu kommen Aktionen f\u00fcr Studierende, f\u00fcr Sch\u00fcler und f\u00fcr die breite \u00d6ffentlichkeit.<\/p><p>Bereits feststehende Veranstaltungsbestandteile sind ein Empfang des Senats der Freien Hansestadt Bremen mit einer Festansprache von B\u00fcrgermeister Dr. Bovenschulte am Abend des 29. September 2022 im Rathaus zu Bremen, ein Empfang in der Seestadt Bremerhaven in Zusammenarbeit mit dem Deutschen Schifffahrtsmuseum, eine Jubil\u00e4umsfeier der Deutschen Seemannsmission Bremerhaven und als maritimes Highlight eine Schiffs- und Bootsparade auf der Weser von Bremen nach Bremerhaven am 30. September 2022. Bereits jetzt hat sich eine Vielzahl beeindruckender Schiffe, die das gesamte maritime Spektrum vom modernsten und umweltfreundlichsten Schiff unter deutscher Flagge \u00fcber vielf\u00e4ltige Beh\u00f6rden- und Arbeitsfahrzeuge bis hin zu gewerblichen Einheiten, Traditionsschiffen und Sportbooten abdecken hierzu angemeldet, so dass das gemeinsame Ziel der gr\u00f6\u00dften Weserparade seit Jahrzehnten erreicht werden wird.<span class=\"Apple-converted-space\">\u00a0<\/span><\/p><p>N\u00e4here und stets aktualisierte Informationen zum Programm, zu den Veranstaltern und Partnerorganisationen, zum Hintergrund und den Zielen des Deutschen Schifffahrtstages sowie zu den umfangreichen Veranstaltungen finden sich in K\u00fcrze auf der Website <a href=\"https:\/\/bremen.deutscher-schifffahrtstag.de\">www.deutscher-schifffahrtstag.de<\/a>.<span class=\"Apple-converted-space\">\u00a0<\/span><\/p><p><b>Kontaktadressen der Veranstalter mit Ansprechpartnern:<\/b><\/p><p><strong>Deutscher Nautischer Verein von 1868 e.V.<\/strong><\/p><p>Vorsitzender Kapit\u00e4n Christian Suhr<\/p><p>Tempowerkring 6<\/p><p>21079 Hamburg<span class=\"Apple-converted-space\">\u00a0 \u00a0 \u00a0 \u00a0 \u00a0 \u00a0 \u00a0 \u00a0 \u00a0 \u00a0 \u00a0 \u00a0 \u00a0 \u00a0 \u00a0 \u00a0 \u00a0 \u00a0 \u00a0 \u00a0 \u00a0 \u00a0 \u00a0 \u00a0 \u00a0 \u00a0 \u00a0 \u00a0 \u00a0 \u00a0 \u00a0 \u00a0 \u00a0 \u00a0 \u00a0 \u00a0 \u00a0 \u00a0 \u00a0 \u00a0 \u00a0<\/span><\/p><p><a href=\"http:\/\/dnvev.de\/\">http:\/\/dnvev.de\/<\/a><span class=\"Apple-converted-space\">\u00a0<\/span><\/p><p><a href=\"mailto:info@dnvev.de\">info@dnvev.de<\/a><\/p><p><strong>Deutscher Nautischer Verein zu Bremerhaven e.V.<span class=\"Apple-converted-space\">\u00a0<\/span><\/strong><\/p><p>Erster Vorsitzender Kapit\u00e4n Reiner Schumacher<\/p><p>Kapit\u00e4n-Ballehr-Str. 10<\/p><p>27576 Bremerhaven<\/p><p><a href=\"https:\/\/www.nautischer-verein-bremerhaven.de\">https:\/\/www.nautischer-verein-bremerhaven.de<\/a><span class=\"Apple-converted-space\">\u00a0<\/span><\/p><p><a href=\"mailto:info@nautischer-verein-bremerhaven.de\">info@nautischer-verein-bremerhaven.de<\/a><\/p><p><strong>Nautischer Verein zu Bremen e.V.<\/strong><\/p><p>Erster Vorsitzender Kapit\u00e4n Wilfried Meier-Hansen<\/p><p>c\/o VHT e.V. \/ Herrlichkeit 6 <span class=\"Apple-converted-space\">\u00a0<\/span><\/p><p>28199 Bremen<\/p><p><a href=\"http:\/\/www.nvzb.de\">www.nvzb.de<\/a><\/p><p><a href=\"mailto:info@nvzb.de\">info@nvzb.de<\/a><\/p><p><strong>Bundesverband der Deutschen Binnenschifffahrt e.V. (BDB)<\/strong><\/p><p>Pr\u00e4sident Martin Staats<\/p><p>Dammstr. 26<\/p><p>47119 Duisburg<\/p><p><a href=\"http:\/\/www.binnenschiff.de\">www.binnenschiff.de<\/a><br \/><a href=\"mailto:InfoBDB@Binnenschiff.de\">InfoBDB@Binnenschiff.de<\/a><\/p><p><strong>Deutscher Marinebund e. V.<\/strong><\/p><p>Pr\u00e4sident Heinz Maurus<\/p><p>Strandstra\u00dfe 92<\/p><p>24235 Laboe<\/p><p><a href=\"http:\/\/www.marinebund.de\">www.marinebund.de<\/a><\/p><p><span class=\"Apple-converted-space\">\u00a0<\/span><a href=\"mailto:welcome@marinebund.de\">welcome@marinebund.de<\/a><span class=\"Apple-converted-space\">\u00a0<\/span><\/p>\t\t\t\t\t\t<\/div>\n\t\t\t\t<\/div>\n\t\t\t\t\t<\/div>\n\t\t<\/div>\n\t\t\t\t\t<\/div>\n\t\t<\/section>\n\t\t\t\t<\/div>\n\t\t","protected":false},"excerpt":{"rendered":"<p>presse-news Der Deutsche Schifffahrtstag 2022 29. September bis 2. Oktober 2022 in Bremen und Bremerhaven Der Deutsche Schifffahrtstag 2022 wird vom 29. September bis zum 2. Oktober 2022 an zwei maritimen Standorten, in Bremen und Bremerhaven stattfinden. Dabei werden unter dem Motto \u201eNachhaltige Schifffahrt: Gemeinsam, klar, sauber!\u201c die zentralen Zukunftsfragen der Schifffahrt diskutiert. Mit einem [&hellip;]<\/p>\n","protected":false},"author":1,"featured_media":0,"parent":0,"menu_order":0,"comment_status":"closed","ping_status":"closed","template":"elementor_header_footer","meta":{"footnotes":""},"class_list":["post-1222","page","type-page","status-publish","hentry"],"_links":{"self":[{"href":"https:\/\/bremen.deutscher-schifffahrtstag.de\/index.php\/wp-json\/wp\/v2\/pages\/1222","targetHints":{"allow":["GET"]}}],"collection":[{"href":"https:\/\/bremen.deutscher-schifffahrtstag.de\/index.php\/wp-json\/wp\/v2\/pages"}],"about":[{"href":"https:\/\/bremen.deutscher-schifffahrtstag.de\/index.php\/wp-json\/wp\/v2\/types\/page"}],"author":[{"embeddable":true,"href":"https:\/\/bremen.deutscher-schifffahrtstag.de\/index.php\/wp-json\/wp\/v2\/users\/1"}],"replies":[{"embeddable":true,"href":"https:\/\/bremen.deutscher-schifffahrtstag.de\/index.php\/wp-json\/wp\/v2\/comments?post=1222"}],"version-history":[{"count":10,"href":"https:\/\/bremen.deutscher-schifffahrtstag.de\/index.php\/wp-json\/wp\/v2\/pages\/1222\/revisions"}],"predecessor-version":[{"id":4660,"href":"https:\/\/bremen.deutscher-schifffahrtstag.de\/index.php\/wp-json\/wp\/v2\/pages\/1222\/revisions\/4660"}],"wp:attachment":[{"href":"https:\/\/bremen.deutscher-schifffahrtstag.de\/index.php\/wp-json\/wp\/v2\/media?parent=1222"}],"curies":[{"name":"wp","href":"https:\/\/api.w.org\/{rel}","templated":true}]}}