{"id":10,"date":"2021-09-17T08:32:51","date_gmt":"2021-09-17T08:32:51","guid":{"rendered":"https:\/\/dst2022.zweiunter.de\/?page_id=10"},"modified":"2021-10-29T17:22:15","modified_gmt":"2021-10-29T17:22:15","slug":"programm","status":"publish","type":"page","link":"https:\/\/bremen.deutscher-schifffahrtstag.de\/index.php\/programm\/","title":{"rendered":"Programm"},"content":{"rendered":"\t\t<div data-elementor-type=\"wp-page\" data-elementor-id=\"10\" class=\"elementor elementor-10\" data-elementor-post-type=\"page\">\n\t\t\t\t\t\t<section class=\"elementor-section elementor-top-section elementor-element elementor-element-44f7e3b elementor-section-boxed elementor-section-height-default elementor-section-height-default\" data-id=\"44f7e3b\" data-element_type=\"section\">\n\t\t\t\t\t\t<div class=\"elementor-container elementor-column-gap-default\">\n\t\t\t\t\t<div class=\"elementor-column elementor-col-100 elementor-top-column elementor-element elementor-element-e13f166\" data-id=\"e13f166\" data-element_type=\"column\">\n\t\t\t<div class=\"elementor-widget-wrap elementor-element-populated\">\n\t\t\t\t\t\t<div class=\"elementor-element elementor-element-04c2db8 elementor-widget elementor-widget-heading\" data-id=\"04c2db8\" data-element_type=\"widget\" data-widget_type=\"heading.default\">\n\t\t\t\t<div class=\"elementor-widget-container\">\n\t\t\t<style>\/*! elementor - v3.19.0 - 07-02-2024 *\/\n.elementor-heading-title{padding:0;margin:0;line-height:1}.elementor-widget-heading .elementor-heading-title[class*=elementor-size-]>a{color:inherit;font-size:inherit;line-height:inherit}.elementor-widget-heading .elementor-heading-title.elementor-size-small{font-size:15px}.elementor-widget-heading .elementor-heading-title.elementor-size-medium{font-size:19px}.elementor-widget-heading .elementor-heading-title.elementor-size-large{font-size:29px}.elementor-widget-heading .elementor-heading-title.elementor-size-xl{font-size:39px}.elementor-widget-heading .elementor-heading-title.elementor-size-xxl{font-size:59px}<\/style><h1 class=\"elementor-heading-title elementor-size-default\">programm<\/h1>\t\t<\/div>\n\t\t\t\t<\/div>\n\t\t\t\t<div class=\"elementor-element elementor-element-81a0824 elementor-widget elementor-widget-wp-widget-custom_html\" data-id=\"81a0824\" data-element_type=\"widget\" data-widget_type=\"wp-widget-custom_html.default\">\n\t\t\t\t<div class=\"elementor-widget-container\">\n\t\t\t<div class=\"textwidget custom-html-widget\">Schifffahrt aus n\u00e4chster N\u00e4he \u2013 Komm\u2018 an Bord\r\nDer Deutsche Schifffahrtstag 2022 bringt die Schifffahrt und die damit verbundenen Themen und Herausforderungen zu den Menschen, zu Ihnen und auch zu dir. Er bildet den Rahmen f\u00fcr eine Vielzahl von Veranstaltungen von der Maritimen Woche Bremens, einer ganzen Reihe fachlicher Veranstaltungen, offizieller Ansprachen und Begegnungen bis hin zu einer beeindruckenden Schiffs- und Bootsparade auf der Weser. Das vielf\u00e4ltige Programm mit den unterschiedlichen Bausteinen und Schwerpunkten wird auf den folgenden Seiten im Detail erkl\u00e4rt, so dass hier nur ein erster \u00dcberblick erfolgt:\r\nVorfreude \u00fcber fast ein ganzes Jahr\r\n\u2022\tMonatliche Veranstaltungsreihe der Hochschule Bremen sowie der Nautischen Vereine zu Bremerhaven und Bremen.\r\n\u2022\tMaritime Woche in Bremen mit vielf\u00e4ltigen Veranstaltungen f\u00fcr Jung und Alt, f\u00fcr Profis und solche, die es werden wollen, f\u00fcr Menschen von der K\u00fcste und jene mit einer Vorliebe f\u00fcr Berge. \r\n\u2022\tOpen Ship, Besichtigungsm\u00f6glichkeiten maritimer Einrichtungen und Unternehmen.\r\n\u2022\tVorstellung maritimer Studieng\u00e4nge und beruflicher M\u00f6glichketen und Perspektiven.\r\n\u2022\tFeierlichkeiten anl\u00e4sslich des 400j\u00e4hrigen Jubil\u00e4ums des Vegesacker Hafens, dem \u00e4ltesten k\u00fcnstlich erschaffenen Hafen Deutschlands. \r\n \r\n29. September 2022\r\n\u2022\tFachliche Veranstaltungen unter Leitung des St\u00e4ndigen Fachausschusses des Deutschen Nautischen Vereins sowie der Partner.\r\n\u2022\tOffizieller Er\u00f6ffnungsakt mit Staatsgast.\r\n\u2022\tSenatsempfang mit Festakt zum Nautischen Essen im Rathaus zu Bremen. Festrede durch B\u00fcrgermeister Dr. Andreas Bovenschulte.\r\n \r\n30. September 2022\r\n\u2022\tSchiffs- und Bootsparade auf der Weser mit Fahrt von Bremen nach Bremerhaven unter der Schirmherrschaft der Senatorin f\u00fcr Wissenschaft und H\u00e4fen der Freien Hansestadt Bremen, Dr. Claudia Schilling.\r\n\u2022\tBremerhaven-Empfang mit Oberb\u00fcrgermeisters Melf Grantz und Festrede der Pr\u00e4sidentin des Bundesamtes f\u00fcr Seeschifffahrt und Hydrographie, Frau Dr. Kammann-Klippstein.\r\n\u2022\tNautischer Dialog.\r\n \r\nSamstag, 1. Oktober 2022  \r\n\u2022\tMaritimes Wochenende in Bremerhaven.\r\n \r\nSonntag, 2. Oktober 2022\r\n\u2022\tSeemannssonntag mit Gottesdienst in Verbindung mit der Jubil\u00e4umsfeier \u201e125+1\u201c der Deutschen Seemannsmission in Bremerhaven. \r\n\u2022\tGeplant wird zudem ein maritimes Konzert zum Abschluss.\r\n<\/div>\t\t<\/div>\n\t\t\t\t<\/div>\n\t\t\t\t\t<\/div>\n\t\t<\/div>\n\t\t\t\t\t<\/div>\n\t\t<\/section>\n\t\t\t\t<\/div>\n\t\t","protected":false},"excerpt":{"rendered":"<p>programm<\/p>\n","protected":false},"author":1,"featured_media":0,"parent":0,"menu_order":0,"comment_status":"closed","ping_status":"closed","template":"elementor_header_footer","meta":{"footnotes":""},"class_list":["post-10","page","type-page","status-publish","hentry"],"_links":{"self":[{"href":"https:\/\/bremen.deutscher-schifffahrtstag.de\/index.php\/wp-json\/wp\/v2\/pages\/10","targetHints":{"allow":["GET"]}}],"collection":[{"href":"https:\/\/bremen.deutscher-schifffahrtstag.de\/index.php\/wp-json\/wp\/v2\/pages"}],"about":[{"href":"https:\/\/bremen.deutscher-schifffahrtstag.de\/index.php\/wp-json\/wp\/v2\/types\/page"}],"author":[{"embeddable":true,"href":"https:\/\/bremen.deutscher-schifffahrtstag.de\/index.php\/wp-json\/wp\/v2\/users\/1"}],"replies":[{"embeddable":true,"href":"https:\/\/bremen.deutscher-schifffahrtstag.de\/index.php\/wp-json\/wp\/v2\/comments?post=10"}],"version-history":[{"count":10,"href":"https:\/\/bremen.deutscher-schifffahrtstag.de\/index.php\/wp-json\/wp\/v2\/pages\/10\/revisions"}],"predecessor-version":[{"id":1879,"href":"https:\/\/bremen.deutscher-schifffahrtstag.de\/index.php\/wp-json\/wp\/v2\/pages\/10\/revisions\/1879"}],"wp:attachment":[{"href":"https:\/\/bremen.deutscher-schifffahrtstag.de\/index.php\/wp-json\/wp\/v2\/media?parent=10"}],"curies":[{"name":"wp","href":"https:\/\/api.w.org\/{rel}","templated":true}]}}

<div data-elementor-type="wp-page" data-elementor-id="10" class="elementor elementor-10" data-elementor-post-type="page">
						<section class="elementor-section elementor-top-section elementor-element elementor-element-44f7e3b elementor-section-boxed elementor-section-height-default elementor-section-height-default" data-id="44f7e3b" data-element_type="section">
						<div class="elementor-container elementor-column-gap-default">
					<div class="elementor-column elementor-col-100 elementor-top-column elementor-element elementor-element-e13f166" data-id="e13f166" data-element_type="column">
			<div class="elementor-widget-wrap elementor-element-populated">
						<div class="elementor-element elementor-element-04c2db8 elementor-widget elementor-widget-heading" data-id="04c2db8" data-element_type="widget" data-widget_type="heading.default">
				<div class="elementor-widget-container">
			<style>/*! elementor - v3.19.0 - 07-02-2024 */
.elementor-heading-title{padding:0;margin:0;line-height:1}.elementor-widget-heading .elementor-heading-title[class*=elementor-size-]>a{color:inherit;font-size:inherit;line-height:inherit}.elementor-widget-heading .elementor-heading-title.elementor-size-small{font-size:15px}.elementor-widget-heading .elementor-heading-title.elementor-size-medium{font-size:19px}.elementor-widget-heading .elementor-heading-title.elementor-size-large{font-size:29px}.elementor-widget-heading .elementor-heading-title.elementor-size-xl{font-size:39px}.elementor-widget-heading .elementor-heading-title.elementor-size-xxl{font-size:59px}</style><h1 class="elementor-heading-title elementor-size-default">programm</h1>		</div>
				</div>
				<div class="elementor-element elementor-element-81a0824 elementor-widget elementor-widget-wp-widget-custom_html" data-id="81a0824" data-element_type="widget" data-widget_type="wp-widget-custom_html.default">
				<div class="elementor-widget-container">
			<div class="textwidget custom-html-widget">Schifffahrt aus nächster Nähe – Komm‘ an Bord
Der Deutsche Schifffahrtstag 2022 bringt die Schifffahrt und die damit verbundenen Themen und Herausforderungen zu den Menschen, zu Ihnen und auch zu dir. Er bildet den Rahmen für eine Vielzahl von Veranstaltungen von der Maritimen Woche Bremens, einer ganzen Reihe fachlicher Veranstaltungen, offizieller Ansprachen und Begegnungen bis hin zu einer beeindruckenden Schiffs- und Bootsparade auf der Weser. Das vielfältige Programm mit den unterschiedlichen Bausteinen und Schwerpunkten wird auf den folgenden Seiten im Detail erklärt, so dass hier nur ein erster Überblick erfolgt:
Vorfreude über fast ein ganzes Jahr
•	Monatliche Veranstaltungsreihe der Hochschule Bremen sowie der Nautischen Vereine zu Bremerhaven und Bremen.
•	Maritime Woche in Bremen mit vielfältigen Veranstaltungen für Jung und Alt, für Profis und solche, die es werden wollen, für Menschen von der Küste und jene mit einer Vorliebe für Berge. 
•	Open Ship, Besichtigungsmöglichkeiten maritimer Einrichtungen und Unternehmen.
•	Vorstellung maritimer Studiengänge und beruflicher Möglichketen und Perspektiven.
•	Feierlichkeiten anlässlich des 400jährigen Jubiläums des Vegesacker Hafens, dem ältesten künstlich erschaffenen Hafen Deutschlands. 
 
29. September 2022
•	Fachliche Veranstaltungen unter Leitung des Ständigen Fachausschusses des Deutschen Nautischen Vereins sowie der Partner.
•	Offizieller Eröffnungsakt mit Staatsgast.
•	Senatsempfang mit Festakt zum Nautischen Essen im Rathaus zu Bremen. Festrede durch Bürgermeister Dr. Andreas Bovenschulte.
 
30. September 2022
•	Schiffs- und Bootsparade auf der Weser mit Fahrt von Bremen nach Bremerhaven unter der Schirmherrschaft der Senatorin für Wissenschaft und Häfen der Freien Hansestadt Bremen, Dr. Claudia Schilling.
•	Bremerhaven-Empfang mit Oberbürgermeisters Melf Grantz und Festrede der Präsidentin des Bundesamtes für Seeschifffahrt und Hydrographie, Frau Dr. Kammann-Klippstein.
•	Nautischer Dialog.
 
Samstag, 1. Oktober 2022  
•	Maritimes Wochenende in Bremerhaven.
 
Sonntag, 2. Oktober 2022
•	Seemannssonntag mit Gottesdienst in Verbindung mit der Jubiläumsfeier „125+1“ der Deutschen Seemannsmission in Bremerhaven. 
•	Geplant wird zudem ein maritimes Konzert zum Abschluss.
</div>		</div>
				</div>
					</div>
		</div>
					</div>
		</section>
				</div>
